 2?
-72dddc51
In base 15, what is -9bb + 24660?
23b94
In base 4, what is 3312021210201 + 12?
3312021210213
In base 9, what is -26875 + 177?
-26687
In base 16, what is -b3 + 2bce0?
2bc2d
In base 2, what is 100000001111011101 - -100?
100000001111100001
In base 5, what is 113104 + -12441104?
-12323000
In base 11, what is 12 + -16722?
-16710
In base 5, what is -1201211 - 22242?
-1224003
In base 4, what is -230213000010 - 11?
-230213000021
In base 2, what is 11010111100 + 100100111100101?
101000010100001
In base 15, what is -1c002 + -193?
-1c195
In base 12, what is -25 + 17221b?
1721b6
In base 7, what is 322230635 + -3?
322230632
In base 4, what is 3200101300230 - -2?
3200101300232
In base 4, what is 23213 - -10030023?
10113302
In base 3, what is 1122021002 + 102121?
1122200200
In base 14, what is -43 + 6806?
67a3
In base 16, what is 3 + 59dc?
59df
In base 15, what is 6cd2d1 + -1?
6cd2d0
In base 7, what is 4356522 - -2206?
4362031
In base 14, what is -966707 - 11?
-966718
In base 7, what is 204 - -500655?
501162
In base 4, what is -312 - 303111301?
-303112213
In base 14, what is 28b + -610ca?
-60c3d
In base 5, what is 103231 - 3010?
100221
In base 9, what is -438840 - -123?
-438716
In base 15, what is -9 - e411?
-e41a
In base 5, what is -4413 - -33141403?
33131440
In base 16, what is -1a3c - -369?
-16d3
In base 2, what is 11010110 + 101011100111101?
101100000010011
In base 14, what is 1 - 8565a?
-85659
In base 14, what is -7780 + -d2?
-7872
In base 5, what is -22 - 122421410?
-122421432
In base 13, what is 1a + 3187572?
318758c
In base 12, what is -8a494a - 1b?
-8a4969
In base 4, what is -113131320310 - -2?
-113131320302
In base 4, what is -1302113 + 113201?
-1122312
In base 10, what is -18637310 + -11?
-18637321
In base 4, what is -300131 - 102010033?
-102310230
In base 3, what is 2 + -1010022210020?
-1010022210011
In base 13, what is 1 - 183c90b8?
-183c90b7
In base 13, what is -3b1b + 106bb?
98a0
In base 11, what is 81933 - 692?
81251
In base 16, what is 41876 - -4ed?
41d63
In base 3, what is 222 + 121120211101000?
121120211101222
In base 3, what is -2210022222100 - 12111?
-2210100011211
In base 8, what is 3527335437 + 1?
3527335440
In base 14, what is -3 + -b566d4?
-b566d7
In base 4, what is 123030 + 31132122?
31321212
In base 4, what is -203302 + 2302?
-201000
In base 10, what is -8839 + 1286?
-7553
In base 7, what is 5 + 1342662132?
1342662140
In base 3, what is -1222012122020 + -1?
-1222012122021
In base 8, what is 3755042 + -104?
3754736
In base 4, what is -123003112010 - 211?
-123003112221
In base 6, what is 0 + -2511125112?
-2511125112
In base 14, what is 63a8 - -315b7?
37981
In base 11, what is 481444 + 3a7?
481840
In base 11, what is 4a25013 - -4?
4a25017
In base 3, what is 1 - -2112222211001111?
2112222211001112
In base 8, what is 7275005 - -6?
7275013
In base 5, what is 10 - 400030203?
-400030143
In base 13, what is -1 - -868c02?
868c01
In base 10, what is -31 + -4802354?
-4802385
In base 2, what is 1110011010111100 - 111000010110?
1101100010100110
In base 3, what is 11 - 101000200200012111?
-101000200200012100
In base 3, what is 0 - -220010201221000?
220010201221000
In base 5, what is 14 - -1110044212?
1110044231
In base 14, what is -3a + 55d79?
55d3d
In base 13, what is -8 + 3987c27?
3987c1c
In base 6, what is 104 - -1111244?
1111352
In base 12, what is -2689625 + -4?
-2689629
In base 14, what is -97297 - -c8?
-971ad
In base 8, what is -1031471 - -13?
-1031456
In base 4, what is 21310 + 31033?
113003
In base 16, what is ef5a + 3aae?
12a08
In base 5, what is 2020130 - -400234?
2420414
In base 6, what is 5 + -31251132?
-31251123
In base 8, what is -73262455 - -23?
-73262432
In base 10, what is -4 - 497855?
-497859
In base 5, what is -3 + -11301122032?
-11301122040
In base 3, what is 2021011 - 20202010022?
-20122212011
In base 15, what is 15cc - 215?
13b7
In base 4, what is -3 - -31313020?
31313011
In base 7, what is 1620 + 2040053?
2042003
In base 10, what is -365563 + 836?
-364727
In base 4, what is 22203312212 + 23?
22203312301
In base 10, what is 0 - -101144956?
101144956
In base 16, what is 4b4e + -3648?
1506
In base 10, what is 0 - 233229830?
-233229830
In base 9, what is 583 + 32111?
32704
In base 13, what is -2574 - -1338?
-1239
In base 3, what is 22112 - -10100121111?
10100221000
In base 7, what is -6430 + 302?
-6125
In base 3, what is -1001 + -210101011120?
-210101012121
In base 10, what is 0 - -4846272?
4846272
In base 3, what is 12101211221 + -21101000?
12010110221
In base 3, what is 2221111211200221221 - 1?
2221111211200221220
In base 15, what is 6bd752 - -1?
6bd753
In base 14, what is -32c22d - 6?
-32c235
In base 12, what is -b94 - -39879?
388a5
In base 6, what is 224 + -4523454?
-4523230
In base 15, what is 22 - -1637e2?
163814
In base 14, what is -106392 - 2?
-106394
In base 16, what is 10 + 3f3e1?
3f3f1
In base 15, what is -2 - -23a900?
23a8ed
In base 7, what is -21 - 1412646?
-1413000
In base 14, what is 47c846 + -a?
47c83a
In base 4, what is -202321 - -2131303?
1322322
In base 2, what is 10101001000110101100001 + -11010000?
10101001000110010010001
In base 9, what is -13 - 637585?
-637608
In base 3, what is 0 + -100122120011002?
-100122120011002
In base 9, what is -23887 + -25860?
-50857
In base 9, what is 2707802 + 4?
2707806
In base 3, what is -111121 - 211200120?
-212012011
In base 6, what is -1440452343 - -2?
-1440452341
In base 3, what is -111121122101 - 1222000?
-111200121101
In base 9, what is 0 + 3578584?
3578584
In base 15, what is 1 - 2b0254?
-2b0253
In base 9, what is -86 + 188718?
188622
In base 15, what is 30da + b9?
31a4
In base 4, what is -11 - 100131133021?
-100131133032
In base 8, what is 1 - -470433731?
470433732
In base 15, what is -10a9dc0 - -2?
-10a9dbd
In base 16, what is -2a + -19faa?
-19fd4
In base 10, what is -296 + -1860350?
-1860646
In base 3, what is 12 + 101220011020112?
101220011020201
In base 6, what is -2 + 2424403532?
2424403530
In base 4, what is -13130321 + 11021?
-13113300
In base 14, what is 700 - -c19?
1519
In base 10, what is -4 + 234061622?
234061618
In base 9, what is -1621882 + -3?
-1621885
In base 11, what is -4684 + -138?
-4811
In base 16, what is -2c8d08 - -38?
-2c8cd0
In base 7, what is 23300 + 5564?
32164
In base 12, what is -3683b143 + 4?
-3683b13b
In base 14, what is 1c - -26b40?
26b5c
In base 4, what is -201110022 - -3132?
-201100230
In base 7, what is 1313 + -216465?
-215152
In base 2, what is -1011110 - 111111111010100101?
-111111111100000011
In base 8, what is 537375 + 37?
537434
In base 12, what is 297 + 178b?
1a66
In base 12, what is 1051 + 15868?
168b9
In base 5, what is -212404 - -22222?
-140132
In base 12, what is -1 - -2aa49b?
2aa49a
In base 12, what is 856b1247 + 0?
856b1247
In base 5, what is -3 - 2400121200?
-2400121203
In base 14, what is 10 - d28bb6?
-d28ba6
In base 5, what is 112441 - -212120?
330111
In base 10, what is 5 + -5075300?
-5075295
In base 6, what is -35330 + 500002?
420232
In base 9, what is -4 + 8717076?
8717072
In base 2, what is -11 + 11001110001111001100101011?
11001110001111001100101000
In base 5, what is -213 + 203134103?
203133340
In base 10, what is 723 + 1723?
2446
In base 6, what is 114353 - -111245?
230042
In base 7, what is -55402133 + -5?
-55402141
In base 3, what is -122121110 - 11120?
-122210000
In base 10, what is -1812 + -634?
-2446
In base 10, what is -9121 + 66115?
56994
In base 15, what is -12 - -17db32?
17db20
In base 5, what is 1412 - 341300?
-334333
In base 6, what is 44111214 - 253?
44110521
In base 11, what is 1045445a + 1?
10454460
In base 2, what is -1111 - 11011110001001101001?
-11011110001001111000
In base 3, what is -20201212101220 - 22?
-20201212102012
In base 8, what is 21317527 + -26?
21317501
In base 12, what is -35 + -1b276b?
-1b27a4
In base 2, what is 10011000001111000001001000110 + -11?
10011000001111000001001000011
In base 2, what is -1110011000001101101 - -11111010010?
-1110010100010011011
In base 10, what is 3 - -231994?
231997
In base 14, what is 2c229 - 82?
2c187
In base 3, what is -22011202210120 + -2?
-22011202210122
In base 7, what is -25 + -142406436?
-142406464
In base 6, what is -1 + -1010020032?
-1010020033
In base 9, what is 160 - -5548461?
5548631
In base 14, what is 4 + -87dcb5?
-87dcb1
